se -3*d + 85 = -c, -5*d - 2*c + 3*c = -139. Let n = -5 - -7. Suppose 2*r = 5*l - 94, 23 = 3*l - n*r - 35. What is the greatest common divisor of d and l?
9
Suppose 5*u + 1324 = 5334. Suppose -2*t + 2*y + u = 0, -4*t - 4*y = -0*t - 1612. Suppose -27 = -3*w + t. Calculate the greatest common divisor of 13 and w.
13
Let w = 7 + -11. Let y = 8 + w. Suppose 6 = -2*k - 0*k, -y*k = 3*r - 3. Calculate the greatest common divisor of r and 1.
1
Let f(d) = -5*d**3 - d**2 + 3*d + 2. Let g be f(-2). What is the highest common factor of g and 48?
16
Let r = -2 - -4. Let w be (-6 - r/(-2))*3. Let j = 95 + w. Calculate the greatest common divisor of j and 16.
16
Let g(s) = 8 + 2*s**3 + 3*s - 12*s - 7*s**2 + 0*s. Let c be g(6). Let q = c - 80. What is the greatest common factor of q and 6?
6
Suppose 0*h - 22 = -2*h - 2*x, 4*h + 2*x - 42 = 0. Suppose -l - h = -25. Suppose -5*g + 64 - 14 = 0. Calculate the highest common factor of g and l.
5
Let n = 10 + -7. Suppose n*r - 22 = -2*a, r + 3*r = -a + 16. Let c(j) = -j**3 + 6*j**2 + 3*j - 6. Let g be c(6). What is the greatest common factor of a and g?
4
Suppose 6*b = b + 10, m - 7 = -2*b. Suppose m*y = 8*y - 95. Calculate the greatest common divisor of 38 and y.
19
Suppose 5*y - 9*y = -44. Calculate the highest common factor of y and 55.
11
Suppose 5*y + 2*r = y + 2, 11 = -2*y + 3*r. Let o be (-4)/2 - 57*y. Calculate the highest common factor of 11 and o.
11
Suppose 0 = -3*h - 95 + 32. Let c(w) = -w**3 + 8*w**2 + 9*w - 6. Let j be c(8). Let m = j + h. Calculate the highest common factor of 15 and m.
15
Let d = -82 + 104. Calculate the highest common divisor of d and 176.
22
Let z(y) be the first derivative of -1/2*y**2 + 2 + 7*y. Let r be z(-7). Calculate the highest common divisor of 126 and r.
14
Let l be ((-4)/8)/(4/(-720)). Let w be 2/(3*2/27). Calculate the highest common factor of w and l.
9
Let n = -12 - -6. Let u be ((-24)/(-9))/((-4)/n). What is the highest common factor of 16 and u?
4
Let k be (1 - 1)/1 + (-24 - -36). Suppose 0 = -2*j + 3*z + 24, 2*j - 4*z - 48 = -2*j. What is the highest common divisor of j and k?
12
Let j(i) = -14*i. Let p be j(1). Let k be p/(-4) + (-3)/6. Let n be 2/k + 31/3. Calculate the highest common factor of n and 88.
11
Suppose 4*b - 2*n + 19 = 3*b, 2*b + 4*n = -46. Let t be 2400/b + 4/14. Let g = t - -194. Calculate the greatest common divisor of 10 and g.
10
Let t(i) = -i + 7. Let s be t(6). Suppose -4*j + 7 = -s. Let k = -1 + j. Calculate the highest common factor of k and 4.
1
Suppose 230*z = 235*z - 10. What is the greatest common factor of 38 and z?
2
Let h be (-4 + 8)*1/2. Suppose 5*f = 2 - 7, -2*k + h*f = -30. Calculate the greatest common divisor of 7 and k.
7
Let a = 19 + -16. Let t(f) = 3*f**2 - 4*f. Let p be t(a). Calculate the highest common factor of 60 and p.
15
Suppose 8 - 2 = q. Suppose 5*m = 3*z - 56, -3*z + 3*m + 33 = -21. Let u be 2/(-2) + z + -1. Calculate the greatest common factor of u and q.
3
Let y(k) = -k + 3. Let h(c) = -c - 1. Let f(i) = -2*h(i) + y(i). Let s be f(-6). Let j = s - -3. Calculate the highest common factor of 1 and j.
1
Suppose -3*d = -2*d - 30. Let w(y) = -2*y**3 - 7*y**2. Let c be w(-5). Calculate the greatest common factor of c and d.
15
Let q(d) = -d**2 + d + 1. Let s be q(3). Let g be 9 - (s + 3) - -1. Suppose 0 = i - 48 - 12. Calculate the highest common factor of i and g.
12
Let o(i) = -4*i + i**3 + 0*i**3 - 17 + 2*i**2 + 20. Let m be o(3). Calculate the highest common factor of 4 and m.
4
Let t = 4 + 4. Suppose t = -c - 4. Let g be ((-4)/c)/(2/6). Calculate the highest common divisor of g and 2.
1
Suppose -i = -2*i + 5. Suppose 5*r - 4*j = -13, 3*r + i*j - 12 + 5 = 0. Let t be (-12)/(-1 - r - 1). What is the greatest common factor of t and 48?
12
Let q(j) = -j**3 - 6*j**2 - 6*j - 8. Let n be q(-6). Let a = n - 14. Let b be (-49)/(((-2)/(-2))/(-2)). What is the greatest common divisor of b and a?
14
Let k = -35 - -43. Calculate the highest common divisor of k and 88.
8
Let b(a) = -a**2 - 9*a + 2. Let q be -1*(-27)/(-3) - -2. Let m be b(q). Calculate the highest common factor of m and 96.
16
Let j be (-13)/(-1) - (-1)/1. Suppose o - 3*s = 141, 0*o = 3*o - 3*s - 393. Calculate the greatest common divisor of j and o.
14
Let b = 8 + 27. What is the greatest common factor of 35 and b?
35
Let l = -5044 + 3156. Let o be (-3)/(-5) + l/(-20). Calculate the greatest common divisor of 38 and o.
19
Let d be (1 + -2)*(-2)/(8/28). Calculate the greatest common divisor of 56 and d.
7
Let j be 0/4 + 30/3. Calculate the highest common factor of j and 30.
10
Let s(w) = 30*w**3 - w**2 + 1. Let n be s(-1). Let y be (460/n)/(2/(-33)). What is the highest common divisor of 23 and y?
23
Suppose -5*p + 96 = -2*g, -g - 33 = -4*p + 45. What is the highest common divisor of 220 and p?
20
Suppose 7*x - 78 = 174. Let c be 18/8 - (-1)/(-4). Suppose c*h - 10 = -2*o - 2*h, o - 17 = 4*h. What is the highest common factor of o and x?
9
Let g(i) = -i - 3. Let s be g(-3). Let f = -6 + 10. Suppose -w + 3*q + 30 = 0, -5*w + f*q - q + 186 = s. What is the greatest common factor of 26 and w?
13
Let p(v) = v**3 - 5*v**2 - 13*v + 9. Let c be p(7). Calculate the greatest common divisor of c and 144.
16
Let c(m) = 166*m**2 - m. Let y be c(1). Suppose 0 = -9*b + 74 + 61. Calculate the highest common factor of b and y.
15
Let r = 19 + -10. Suppose -r - 1 = x + 4*o, 4*x - 14 = 2*o. Let n(c) = 3*c. Let q be n(2). What is the highest common factor of q and x?
2
Let w = -90 - -117. What is the highest common divisor of 243 and w?
27
Let h be (-398)/(-11) + 1 - 22/121. What is the greatest common factor of h and 74?
37
Let v = 71 + -45. Calculate the greatest common divisor of 39 and v.
13
Suppose -2*l + 16 = 2*l. Let g = -7 + 7. Let d = l + g. What is the highest common factor of d and 44?
4
Let z(k) = -k**2 + 6*k + 1. Let m be z(5). What is the greatest common factor of 8 and m?
2
Let a(s) = -19*s - 11. Let r be a(-8). Suppose 0 = 3*g - r + 21. Let t(d) = -d**2 - 5*d + 5. Let b be t(-5). Calculate the greatest common factor of g and b.
5
Suppose 0*x = 2*x - 30. Suppose -5*t + 3*g = g - 48, 5*g - x = -t. What is the highest common divisor of 5 and t?
5
Suppose 0 = 4*j - 9 + 1. What is the highest common factor of 16 and j?
2
Let t be ((-3)/2)/(3/(-4)). Suppose -5*f = -t*q - 0*f - 292, 4*q - 4*f = -596. Let b = -67 - q. What is the greatest common factor of 12 and b?
12
Suppose 5*q - 4*q - 5*g - 114 = 0, 0 = -3*q - 5*g + 282. Let s be -1 + -2 + (28 - -2). Let f = -18 + s. What is the greatest common factor of q and f?
9
Let w(l) be the first derivative of l**3/3 - 3*l**2/2 - 7*l - 2. Let i be w(5). What is the greatest common divisor of 33 and i?
3
Suppose 5*p - 30 = 2*t - 3*t, 3*p = t - 54. Calculate the greatest common divisor of t and 9.
9
Suppose 3*w = -4*p + 19, -5*w + 0*w = 4*p - 13. Calculate the greatest common factor of p and 14.
7
Suppose -21 = -6*r + 3*r + 3*a, 4*a + 34 = 5*r. Calculate the greatest common factor of r and 2.
2
Let h be (-8 - -7)*1*-2. Calculate the highest common divisor of 6 and h.
2
Suppose 3*x - 132 = -x. Calculate the greatest common divisor of x and 22.
11
Let s = -3 - -3. Suppose 5*x + 2*p - 13 = 0, s = -4*p - 3 + 19. Suppose w + x = -v, v = -5*w + w - 7. Calculate the greatest common divisor of v and 11.
1
Let l = -306 + 215. Let v = l + 136. Let w be 36/(-10)*(-4 + -1). Calculate the greatest common divisor of v and w.
9
Let n(o) = 5*o + 15. Let x be n(5). Calculate the highest common divisor of 8 and x.
8
Let c = 8 - -5. Suppose -3*z = -2*z - 9. Let p be 158/6 + z/(-27). Calculate the greatest common factor of c and p.
13
Suppose -2 - 4 = -2*c. Suppose 0 = 7*j - 3*j - 7*j. Suppose 5*x - u - 85 = j, c*x + 4*u + 0*u - 51 = 0. Calculate the greatest common factor of x and 34.
17
Let i = -3 - -17. Let x(s) = -5*s - 33. Let q be x(-8). Calculate the greatest common divisor of i and q.
7
Let q = -3 + 21. Let c be (-4)/q - (-544)/18. What is the greatest common divisor of c and 6?
6
Let d(z) = -z**3 + 8*z**2 + 13*z + 4. Let k be d(9). What is the highest common factor of k and 16?
8
Suppose -3*j + 2*u + 14 = 0, 0 = j - 4*u - 6 - 12. What is the greatest common factor of 5 and j?
1
Suppose -4*k - g = 15, -4 - 17 = 5*k - g. Let h be -1 + 4*(-6)/k.